+ -118. Let v be 166/4 + (-2)/(-4). What is the greatest common divisor of o and v?
6
Let u be 1/1 - 1*-1. Suppose 5*i - 32 = -2*w - 0*i, -w - 5*i = -21. Suppose -u*y + w = -43. What is the highest common factor of y and 18?
9
Let v be (-36)/(-21)*14/4. Let m = -2 + v. What is the greatest common divisor of 20 and m?
4
Let r(w) = 4*w**2 - 6*w - 8. Let m be 6 + (-1 - 1) + 2. Let q be r(m). Calculate the highest common divisor of q and 20.
20
Let w(z) = 2*z + 18. Let q be w(0). Suppose 0 = 2*r - 10, 3*r + 20 = 4*f - 1. What is the highest common factor of f and q?
9
Let y = 45 - 36. What is the greatest common factor of 72 and y?
9
Let y be (36/15)/(1/20). Let k be -10*(-3 - (-5)/2). Suppose -36 = -x - a + k*a, 5*x - 157 = -3*a. What is the highest common factor of x and y?
16
Let w(i) = -14*i + 2*i - 3 + 0. Suppose -2*d + o - 14 = -0*d, -3*d = -5*o + 35. Let v be w(d). Calculate the greatest common divisor of 19 and v.
19
Let n(z) = z**3 - 2*z**2 - z. Let a be n(3). Suppose 5*m = a + 19. Suppose 2*g - u = 29 + m, 3*u = -5*g + 74. What is the greatest common factor of 40 and g?
8
Let w be (2 + 1)/(30/50). Let m = w - -19. What is the highest common factor of 36 and m?
12
Let i(m) = -m**3 - 2*m**2 - 3*m - 2. Let u be i(-2). Let r be (-8)/(-3)*6/u. Calculate the greatest common factor of 36 and r.
4
Let m be 0/(-2 - 2/(-2)). Suppose 5*z - 34 - 56 = m. Let r = 30 - 18. What is the highest common divisor of r and z?
6
Let m(j) = j**3 + 13*j**2 - 15*j - 3. Let q be m(-14). Calculate the greatest common divisor of 22 and q.
11
Suppose -7*c + 67 = k - 2*c, 3*k + 4*c = 179. Suppose -4*z = 3*v - k, -2*z - v = -6*v - 35. What is the highest common divisor of z and 30?
15
Suppose -5*y - 5*r = -2*r - 7, 0 = 4*y + r. Let a be (-41)/(-2) - y/(-2). Calculate the highest common factor of 4 and a.
4
Let v(h) = 2*h**2 + h + 8. Let q be v(4). Calculate the highest common factor of q and 22.
22
Let c(w) = w**2 + w - 10. Let k be c(-7). Calculate the greatest common factor of k and 16.
16
Suppose 0 = -5*y + 4*l + 240, 2*l = -2*y + 78 + 36. What is the highest common factor of y and 52?
52
Let w(u) = -13*u - 3. Let v be w(-3). Let h = 20 + -8. Calculate the highest common divisor of v and h.
12
Suppose 9 = 2*g - 21. What is the highest common divisor of g and 105?
15
Let u(d) = 2*d - 12. Let i be u(13). Calculate the highest common divisor of 98 and i.
14
Let n = 0 + 2. Let g be n/3 + 34/3. What is the highest common factor of 3 and g?
3
Suppose -4*u = -u + 18. Let k be (-364)/(-12) + (-4)/u. Let w = k + -13. Calculate the highest common divisor of w and 144.
18
Suppose g + 2*g = 126. Calculate the greatest common divisor of 6 and g.
6
Let o be (-2)/(-9) - (-2825)/45. Suppose 0 = -2*i - l + 15, 6*i = 3*i - 4*l + 25. Calculate the greatest common divisor of i and o.
7
Suppose 4*v = -v + 10. Let q(i) = -i**v + 5 + 1 + 10*i - 7. Let g be q(8). What is the greatest common factor of 30 and g?
15
Suppose 0 = -8*h + 3*h + 5. Let p be h*2 - 18/(-9). What is the highest common factor of p and 20?
4
Let v = -30 + 75. Suppose 0 = 4*s + n + 10, -4*s + 5*n = 2*n + 2. Let i be 6 + (s/1 - -1). Calculate the greatest common factor of v and i.
5
Suppose 0 = -h - 2 + 4. Let i be 7 - (-2 + h) - -1. Let l = -7 - -23. Calculate the highest common divisor of l and i.
8
Suppose -7*o + 32 = -3*o. What is the highest common factor of 152 and o?
8
Let q(y) = -y**2 + 13*y + 18. Let w be q(14). Suppose -4*g - w = 0, k - 3*k + 5*g + 27 = 0. Calculate the highest common factor of k and 55.
11
Suppose 0 = -a + 2*a, 5*a - 12 = -3*b. Let g(k) = k**3 - 4*k**2 + 3*k - 6. Let s be g(b). What is the highest common divisor of s and 48?
6
Let r = 63 + -39. What is the greatest common factor of r and 16?
8
Let b(o) = 19*o - 2 - 18*o + 4. Let m be b(0). Let v be (30*(-4)/(-6))/m. Calculate the greatest common factor of v and 50.
10
Let u be (1 - -5 - 2) + -2. Suppose -28 = -u*t - 2. What is the greatest common factor of 104 and t?
13
Suppose -3*q - 10 = -8*q. Suppose 4*v = q*a + 20, -v + 5*v - 26 = 5*a. Suppose -l = -v*l + 144. Calculate the highest common factor of 6 and l.
6
Let k be (223*1)/(-15 - -14). Let j = -70 - k. Calculate the greatest common factor of 17 and j.
17
Suppose s = -2*j + 46 - 13, 3*s = -5*j + 100. Calculate the highest common divisor of s and 5.
5
Let h(d) = -d**3 + 11*d**2 - 9*d - 9. Let i be h(10). Let y be i/(-2) + (-39)/(-6). What is the highest common divisor of y and 42?
6
Let f(n) = 3*n**2 + 5*n - 1. Let q be f(5). Suppose 4*b - q = b. Suppose 3*h + 9*u - 4*u = 3, 5*h - b = u. Calculate the highest common divisor of h and 4.
2
Suppose 3*v = 20 + 25. Let f be 15/(3/9*1). Calculate the greatest common divisor of v and f.
15
Let g = 114 + -86. What is the highest common divisor of 70 and g?
14
Let f be 11/3*54/18. Let u(c) = -6*c - 2. Let k be (-2)/(-3)*-1*6. Let r be u(k). What is the highest common factor of r and f?
11
Suppose -6*f - 5*a = -f - 90, -58 = -4*f + 3*a. What is the highest common divisor of 96 and f?
16
Let d be (-1)/(-3) + (-11)/(-3). Suppose -2*s - 15 = -5*v + 3*s, -d*v - 5*s = -21. Calculate the highest common factor of 10 and v.
2
Suppose -97*i - 14 = -98*i. Suppose -3*g + u = -39, -2*g - 3*u = 2*g - 65. Calculate the greatest common divisor of i and g.
14
Let c(x) = x + 8. Let y(w) = 8. Let r(q) = 2*c(q) - 3*y(q). Let m be r(6). What is the highest common divisor of 4 and m?
4
Let h be (-16)/(-10)*(-225)/(-10). What is the greatest common factor of 12 and h?
12
Let x(i) = -i**2 + 8*i - 4. Let s be x(8). Let l be (-1 - 6/(-4))*s. Let b = l + 6. What is the greatest common divisor of 4 and b?
4
Let s be 0 + -3 + 3 + 0. Suppose 72 = -s*c + 3*c. What is the highest common factor of 6 and c?
6
Let g(x) = -x**2 + 7*x + 1. Let i be g(6). Let w(y) = 2 - 4 - i*y + y**2 + 4. Let t be w(7). What is the highest common factor of 16 and t?
2
Let z be (-24)/(-18)*6/4. Suppose -2*p - z*p + 500 = 0. Suppose -41 + p = 4*l. What is the highest common divisor of 14 and l?
7
Suppose -5*l + 2*l = 0, -5*r + 15 = 4*l. Suppose -p + 2 = -3*a, 2*p - a = -r*p + 10. Suppose -b - 18 = -p*b. Calculate the greatest common factor of 12 and b.
6
Let o be 2/12 + 1645/30. What is the highest common divisor of o and 5?
5
Let t be (63 + 0)*2/3. Suppose -4*p = -4*i - 5 + 21, 0 = -3*i - p + 4. Suppose -g + t = i*g. Calculate the greatest common factor of 56 and g.
14
Suppose t - 3*o - 36 = 0, 5*t + 8*o - 4*o = 161. Calculate the highest common factor of 22 and t.
11
Let z(j) = -24*j - 6. Let o be z(-2). Calculate the greatest common factor of 21 and o.
21
Let q = -9 - -13. Suppose 4*t = 72 + 40. What is the highest common divisor of t and q?
4
Let y be 1428/(-24)*4/(-7). Calculate the greatest common factor of y and 374.
34
Let q be ((-2)/(-12)*-4)/((-24)/36). Let y be 3*(10/3 - 1). What is the greatest common divisor of q and y?
1
Let y(h) = 6*h**3 - 3*h**2 + h. Let r be y(2). Calculate the highest common factor of r and 76.
38
Let c(w) = w**2 + w + 1. Let i be c(0). Let z = i + -3. Let u be (z - 0) + (-1 - -245). What is the highest common divisor of u and 22?
22
Let s be (-2 - 0)*6/(-6). Let g = s + 7. What is the highest common factor of 9 and g?
9
Let j(b) = -5*b + 21. Let f be j(-7). Calculate the highest common divisor of f and 28.
28
Suppose 4*u - 6*u + 32 = 0. What is the highest common divisor of u and 112?
16
Suppose -y + u + 9 = -4*u, 4*y - u - 131 = 0. Suppose -5*h - 5*g - 557 = -g, h = -g - 112. Let p = 194 + h. What is the greatest common divisor of y and p?
17
Let m be 2*1*(1 - -18). What is the highest common divisor of m and 57?
19
Let l(x) = -5*x**3 - 5*x**2 - 5*x. Let y be l(-3). Calculate the highest common divisor of 15 and y.
15
Suppose -o + 1054 = -i + 5*i, -788 = -3*i - 2*o. Let y(d) = 4*d - 3. Let m be y(9). What is the highest common factor of i and m?
33
Suppose 18 - 10 = 4*s. Let p = s + 0. Let g = 10 - p. Calculate the highest common divisor of 1 and g.
1
Let x(p) = p**3 + 12*p**2 + 8*p - 4. Let n be x(-11). Calculate the highest common divisor of 261 and n.
29
Suppose 0 = 5*s + n + 38 + 32, -5*n + 85 = -4*s. Let f be (1 - (-7)/(-3))*s. Let h be (-244)/16*-12 - 3. What is the highest common factor of f and h?
20
Suppose -31 = -3*p - 4*c + 7, -5*p = 5*c - 60. What i